factors of 627773438.
2, 1187, 264437
What are the prime factors of 74813258?
2, 13, 389, 569
List the prime factors of 250493898.
2, 3, 1811, 23053
List the prime factors of 379136164.
2, 11, 479, 17989
List the prime factors of 1980572990.
2, 5, 11, 197, 91397
List the prime factors of 1524904112.
2, 1567, 60821
What are the prime factors of 28729338?
2, 3, 11, 211, 2063
List the prime factors of 47622013.
3847, 12379
What are the prime factors of 2743660340?
2, 5, 23, 113, 52783
What are the prime factors of 5672649897?
3, 2591, 243263
List the prime factors of 346540814.
2, 173270407
What are the prime factors of 61696810?
2, 5, 7, 23, 38321
What are the prime factors of 105472138?
2, 577, 91397
What are the prime factors of 665940438?
2, 3, 36996691
What are the prime factors of 3353126087?
17, 157, 1256323
What are the prime factors of 14799510?
2, 3, 5, 11, 151
List the prime factors of 976854991.
7, 71, 1965503
What are the prime factors of 4034267580?
2, 3, 5, 7, 1433, 6703
List the prime factors of 2597646971.
17, 53, 2883071
List the prime factors of 214447666.
2, 107223833
What are the prime factors of 36591321?
3, 13, 19, 23, 113
List the prime factors of 21059117.
41, 173, 2969
List the prime factors of 657147680.
2, 5, 7, 19, 30881
What are the prime factors of 218957715?
3, 5, 1621909
List the prime factors of 1022878666.
2, 31, 1033, 15971
What are the prime factors of 124694001?
3, 53, 73, 3581
What are the prime factors of 1819141628?
2, 31, 41, 357817
What are the prime factors of 503134057?
17, 29596121
List the prime factors of 1512034959.
3, 504011653
What are the prime factors of 205614118?
2, 29, 3545071
List the prime factors of 2464717650.
2, 3, 5, 263, 62477
List the prime factors of 821967396.
2, 3, 47, 1457389
What are the prime factors of 120058822?
2, 13, 251, 18397
What are the prime factors of 3717915806?
2, 11, 199, 263, 3229
What are the prime factors of 166095346?
2, 41, 2025553
What are the prime factors of 418660257?
3, 139553419
List the prime factors of 4461465516.
2, 3, 17, 43, 257, 1979
What are the prime factors of 119849905?
5, 7, 3424283
What are the prime factors of 939911557?
13, 72300889
What are the prime factors of 7924067?
7924067
List the prime factors of 422294018.
2, 211147009
What are the prime factors of 57463770?
2, 3, 5, 7, 13, 31, 97
What are the prime factors of 6702061?
1049, 6389
List the prime factors of 677812966.
2, 338906483
What are the prime factors of 3442789138?
2, 719, 2394151
What are the prime factors of 245651949?
3, 67, 407383
List the prime factors of 58581895.
5, 503, 23293
List the prime factors of 274666111.
107, 293, 8761
List the prime factors of 129203933.
19, 283, 24029
List the prime factors of 182180756.
2, 1291, 35279
What are the prime factors of 212893811?
13, 163, 100469
List the prime factors of 5126253750.
2, 3, 5, 67, 2267
List the prime factors of 465416265.
3, 5, 127, 244313
List the prime factors of 7347299125.
5, 58778393
List the prime factors of 100460556.
2, 3, 7, 43, 73, 127
What are the prime factors of 992418675?
3, 5, 13232249
What are the prime factors of 604944332?
2, 47, 53, 109, 557
What are the prime factors of 1176144792?
2, 3, 49006033
What are the prime factors of 94533863?
269, 351427
List the prime factors of 1956031345.
5, 277, 1412297
What are the prime factors of 813001667?
151, 5384117
What are the prime factors of 32510887?
47, 691721
What are the prime factors of 52235835?
3, 5, 3482389
List the prime factors of 527385086.
2, 53, 4975331
List the prime factors of 2856414972.
2, 3, 29, 139, 59051
List the prime factors of 737903428.
2, 17, 67, 149, 1087
List the prime factors of 7584271913.
137, 55359649
What are the prime factors of 1357399478?
2, 678699739
List the prime factors of 162732330.
2, 3, 5, 17, 31, 47, 73
What are the prime factors of 3672525667?
23, 103, 1550243
What are the prime factors of 588328654?
2, 19, 15482333
List the prime factors of 5859903.
3, 7, 263, 1061
List the prime factors of 37956634.
2, 109, 157, 1109
What are the prime factors of 81547943?
19, 1277, 3361
List the prime factors of 27621963.
3, 3069107
List the prime factors of 259204427.
211, 1228457
What are the prime factors of 2387970352?
2, 359, 439, 947
List the prime factors of 280203262.
2, 53, 2643427
What are the prime factors of 3070442310?
2, 3, 5, 13, 7872929
What are the prime factors of 99724209?
3, 13, 109, 23459
List the prime factors of 201144678.
2, 3, 7, 19, 31, 47, 173
What are the prime factors of 96896893?
96896893
What are the prime factors of 68476521?
3, 59, 263, 1471
List the prime factors of 630951235.
5, 151, 809, 1033
List the prime factors of 223048870.
2, 5, 11, 1049, 1933
List the prime factors of 451452885.
3, 5, 13, 1049, 2207
What are the prime factors of 217592715?
3, 5, 14506181
List the prime factors of 553231409.
41, 107, 126107
List the prime factors of 5151464707.
5151464707
What are the prime factors of 916762731?
3, 2857, 106961
List the prime factors of 38836401.
3, 12945467
What are the prime factors of 51376945?
5, 61, 168449
List the prime factors of 440485159.
440485159
What are the prime factors of 625056274?
2, 883, 353939
List the prime factors of 618268000.
2, 5, 7, 71, 311
List the prime factors of 44545885.
5, 29, 41, 59, 127
What are the prime factors of 403342510?
2, 5, 17, 109, 21767
What are the prime factors of 1190919?
3, 37, 10729
List the prime factors of 1858903704.
2, 3, 7, 3688301
What are the prime factors of 7888196616?
2, 3, 1721, 190979
List the prime factors of 120791576.
2, 41, 113, 3259
List the prime factors of 3263227.
11, 43, 6899
List the prime factors of 898439303.
31, 107, 270859
What are the prime factors of 133416309?
3, 13, 19, 401, 449
List the prime factors of 4560835342.
2, 7, 325773953
List the prime factors of 486196814.
2, 19, 1049, 12197
What are the prime factors of 31081728?
2, 3, 40471
What are the prime factors of 225344340?
2, 3, 5, 13, 23, 53, 79
List the prime factors of 22743934.
2, 11371967
List the prime factors of 6086878.
2, 7, 19, 467
List the prime factors of 4455645561.
3, 37, 13380317
What are the prime factors of 104544736?
2, 3267023
List the prime factors of 3499394455.
5, 23, 607, 50131
List the prime factors of 1470825274.
2, 735412637
List the prime factors of 690964084.
2, 31, 1579, 3529
What are the prime factors of 629023092?
2, 3, 43, 937, 1301
List the prime factors of 86655255.
3, 5, 5777017
What are the prime factors of 922949795?
5, 19, 29, 335009
List the prime factors of 1387121729.
7, 198160247
What are the prime factors of 1204746180?
2, 3, 5, 11, 31, 53, 101
List the prime factors of 385275076.
2, 97, 293, 3389
What are the prime factors of 97572594?
2, 3, 7, 2323157
List the prime factors of 90022511.
41, 2195671
What are the prime factors of 354775783?
277, 797, 1607
List the prime factors of 474759382.
2, 619, 383489
What are the prime factors of 51004854?
2, 3, 19, 293, 509
What are the prime factors of 2733145868?
2, 683286467
What are the prime factors of 54104884?
2, 1171, 11551
What are the prime factors of 633067266?
2, 3, 13, 2341, 3467
What are the prime factors of 133015653?
3, 14779517
What are the prime factors of 35428829?
35428829
What are the prime factors of 236047760?
2, 5, 13, 263, 863
List the prime factors of 28318570.
2, 5, 7, 57793
What are the prime factors of 2134172871?
3, 237130319
What are the prime factors of 53187403?
19, 211, 13267
What are the prime factors of 429869162?
2, 59, 3642959
List the prime factors of 84332120.
2, 5, 1451, 1453
What are the prime factors of 103673797?
59, 73, 24071
List the prime factors of 76114040.
2, 5, 41, 46411
List the prime factors of 81039735.
3, 5, 7, 31, 43, 193
List the prime factors of 72133416.
2, 3, 111317
What are the prime factors of 122664556?
2, 7, 359, 12203
List the prime factors of 2066387837.
29, 83, 409, 2099
List the prime factors of 110792589.
3, 71, 347, 1499
What are the prime factors of 1102433353?
7, 719, 219041
List the prime factors of 68663484.
2, 3, 223, 2851
What are the prime factors of 971190895?
5, 71, 607, 4507
List the prime factors of 4019759337.
3, 11, 4751, 25639
What are the prime factors of 42754045?
5, 607, 14087
L